rivative of m**4/24 + m**3/2 + m**2. Determine o(-2).
1
Suppose 3*c - 86 = -3*j + 4*c, -2*j + 52 = 2*c. Suppose r = 4*z + 6 - 48, -3*r = 2*z - j. Let h = -16 + z. Let p(d) = d**2 + 6*d - 3. Calculate p(h).
-8
Let g = -2 + -2. Let d be (-1)/(-2)*g/2. Let t(u) = 5*u**2 - 2*u - 1. Determine t(d).
6
Let c(i) = i**3 + 9*i**2 + 8*i + 2. Let l be c(-8). Let k(y) = -2*y**3 - 2*y**2 + 2*y + 2. What is k(l)?
-18
Let s(p) = -3*p**3 - 6*p**2 + 6*p + 4. Let t(n) = -n**3 + n. Let q(o) = s(o) - 4*t(o). What is q(5)?
-11
Let a(w) = 4 - 3 - w + 1. Let n be -3 - -2 - 0/1. Let y be ((-2 - n) + -1)*-2. Give a(y).
-2
Let f(w) be the first derivative of -w**3/3 - w**2 + 3*w + 11. Calculate f(-5).
-12
Let g be 3/12 + 22/8. Suppose -7 = h - g. Let u(t) = t + 3. Determine u(h).
-1
Let k(o) = -3*o + 2. Let z(a) = -a - 1. Let i(b) = -k(b) - z(b). Suppose 2 = 3*y - 2*u - 3, -y = -2*u - 7. What is i(y)?
-5
Let c be 0 - 6*(-1)/(-2). Let p = 1 + c. Let l(o) be the third derivative of -o**4/12 - o**3/3 - 13*o**2. What is l(p)?
2
Let d = 55 - 47. Let q(v) = v**3 - 7*v**2 - 9*v + 11. Determine q(d).
3
Suppose 0*v - 5*v = -10. Let d(m) be the third derivative of -5*m**4/24 - m**3/6 - 2*m**2. What is d(v)?
-11
Suppose c = 5*o + 10, -4 = 5*c - 29. Let d(j) = 7*j**3 - j**2 + 1. Determine d(o).
-7
Let m(r) = -r - 3. Let s(f) be the first derivative of -f**3/3 - 1. Let p be s(0). Let w be 0/((p - -2) + 0). Determine m(w).
-3
Let r(y) = y**2 - 7*y + 8. Let x be r(6). Let q(c) = -2*c**2 + 4*c**x + 0*c + 5*c - 3*c. Calculate q(-2).
4
Suppose 159 = -13*y + 16. Let l(k) = -k - 5. What is l(y)?
6
Let o(q) = -1 - 2*q**2 - 4 + q**2 + 3. Suppose 3*n = n. Give o(n).
-2
Let u(q) be the first derivative of 3/2*q**2 + 2*q - 1/3*q**3 + 1. Give u(4).
-2
Let z(t) = 1 + 2*t + 2*t**3 - 6*t**3 + 0*t**3. Let s be (-18)/4*12/(-9). Suppose 4*r = -2*l + s, 0 = 3*r - 5*l + l + 23. Determine z(r).
3
Let q be -1 + (2 - 3) + -2 + 4. Let a(l) be the second derivative of 1/6*l**3 - l + 3/2*l**2 + q. Give a(-4).
-1
Let o(x) = -3*x**2 - x + 1. Suppose i - 18 = -2*i - 3*t, i = -5*t + 22. Let h = 1 + i. Suppose -4*p + h = -1. Calculate o(p).
-3
Let l(c) = -c**3 - 2*c**2 - 2*c + 1. Let f be ((-1)/(-2))/(1/38). Let r be 216/117 + 4/26. Suppose -r*p - 1 = j, -3*j = -p - 4*p - f. Calculate l(p).
5
Suppose 0 = 4*i + 28 + 16. Let l(v) = v**2 + 12*v + 9. Let w be l(i). Let a(s) = -2*s**2 - 2*s + 2. Give a(w).
-2
Let y(x) = -3*x**3 + x**2 + 2*x + 1. Let m(s) = s**2 + 22*s + 20. Let q be m(-21). Give y(q).
3
Suppose 2*d = 6 - 2, -5*d = -b - 8. Let q(t) be the first derivative of -1/3*t**3 - 2 + 4*t**b - 6*t. What is q(4)?
10
Let d(c) = 2*c**2 + 4*c**2 - 4*c**2 + c - 4*c**2. Suppose 36 = 3*q - 3*w, -2*q + 37 = -5*w + 7. Suppose -6*p + p = -q. What is d(p)?
-6
Let k(h) = 2*h**3 + h + 1. Let z be k(2). Let f be (-2)/(-7) - z/(-7). Let c(w) = -4*w + f*w + 2 + 2*w. Determine c(0).
2
Let w(x) be the first derivative of 1 + 0*x**2 + 4/3*x**3 - x. Suppose q - 6 = -4*s, -2*s - 2*s = -3*q + 2. Calculate w(s).
3
Let n(d) be the first derivative of -d**4/24 + 3*d**2/2 + 2. Let u(i) be the second derivative of n(i). Determine u(1).
-1
Let j(h) = -h**2 + 4*h. Let d be 1 + 8 + 1*-1. Suppose 3*m + 4 = 10. Suppose m - d = -3*p. Give j(p).
4
Suppose 0 = 4*l - 3*l + 5. Let h(c) be the third derivative of c**4/24 - 5*c**3/6 - 2*c**2 + 27*c. What is h(l)?
-10
Let o(k) = 3*k + 1. Let w be (1 + 3)/(8/4). Suppose -4*z = 4*t + 28, 4*t + w*z + 10 = -8. Give o(t).
-5
Let i(b) = 4*b**2 + 6*b + 4. Let t(j) = -j**2 - j - 1. Let k(u) = i(u) + 3*t(u). Let y be 14/(-5) + (-3)/15. Calculate k(y).
1
Suppose -2*k - 2*k - 10 = -i, -2*i - k = -20. Suppose -h - 2*h + i = z, 9 = -3*z + 4*h. Let l(c) = 2 + 6*c**2 - 1 - c**2. Calculate l(z).
6
Let t(n) = n**3 + 3*n**2 + 3*n - 2. Let k = 4 + -7. What is t(k)?
-11
Let l(j) = -j - 3. Let x be 1/(1/3) - 24/2. Calculate l(x).
6
Let u(o) = o**3 - o**2 - 4*o - 1. Let r = -2 + 1. Let n = 2 - r. Determine u(n).
5
Let o(p) = -9*p + 12. Let x be -3 + -3 + (1 - 0). Let h(z) = -20*z - 5*z + 3*z + 30. Let s(i) = x*h(i) + 12*o(i). Give s(4).
2
Let y be ((-3)/2 - -1)*-10. Suppose -4*r + 7 = 3*w, -2*w = -5*w + y*r - 29. Let k(q) = 1 + 0*q**2 + q**2 + 0. Calculate k(w).
10
Let q(j) = j. Let b be q(0). Let f(o) = o + o - o + b. Let p be (-2 - -6)*1*1. Determine f(p).
4
Let s(r) = -6*r - 30. Let m(n) = -n - 6. Let z(y) = -21*m(y) + 4*s(y). Let u = 16 - 10. What is z(u)?
-12
Let p(f) = -7*f**2 + 2*f - 6. Let t(c) = 6*c**2 - c + 5. Let w(y) = 5*p(y) + 6*t(y). What is w(-4)?
0
Let p(k) = 4*k**2 + 2*k - 1. Suppose 4*a + 20 = -4*i, -4*a + 4*i + 9 = 29. Let m = 2 - 8. Let t = a - m. Calculate p(t).
5
Let x(d) = d**2 - 4*d - 2. Suppose 3*y + 3*b = -42, -35 = 5*y - b - b. Let s = y + 13. Determine x(s).
-2
Let t(d) = -4*d**3 - 10*d**2 + 10*d - 6. Let x(q) = 3*q**3 + 9*q**2 - 9*q + 6. Let l(g) = 2*t(g) + 3*x(g). Give l(-8).
-2
Let l(p) = p**2 + 6*p + 7. Let g = -98 - -92. Give l(g).
7
Suppose c - 4 = -2. Let w(s) = -2*s + s - 3*s + c*s + 5. Calculate w(5).
-5
Let a(k) be the third derivative of -1/2*k**3 - 6*k**2 + 0 - 1/24*k**4 + 0*k. Give a(0).
-3
Let n be 4 + -8 - (-2)/1. Let t = n + 2. Let i(m) = m - 5. Let z be i(t). Let v(x) = -x**2 - 5*x + 3. Give v(z).
3
Let y(v) = v. Let a(c) = 4*c. Let r(d) = a(d) + 3*y(d). Let x(j) = -18*j. Let s(p) = 12*r(p) + 5*x(p). Give s(-1).
6
Let j(d) = -2*d**3 - 11*d**2 - 4*d + 1. Let v be j(-5). Let n(x) = x**3 + 5*x**2 + 3*x + 3. Calculate n(v).
7
Suppose 32 = -2*y - 2*y. Suppose 2*m + 10 = -5*i, -3*m + 3*i = -m - 22. Let s = m + y. Let c(z) = z - 1. What is c(s)?
-4
Suppose -5*a + 4*a + 6 = 0. Let c(q) = -1 + 4 - a + q. What is c(5)?
2
Let t(r) = 3*r**3 + 3*r**2 - r - 4. Let m(w) = -w**3 - 6*w**2 - 1. Let z be m(-6). Let f(i) = i**3 - i**2 - 1. Let k(y) = z*t(y) + 2*f(y). Calculate k(-5).
-3
Let i(z) = z + 3 - 3. Let q(r) = 2*r + 7. Let s be q(-6). Calculate i(s).
-5
Suppose 16 + 4 = 4*s. Let d(r) = -r**3 + 4*r**2 - 2*r - 2. Let u be d(2). Let y(i) = i**3 - 2 - i - 5*i**2 + 4 + u - 3. Calculate y(s).
-4
Let t be -1 - (-4 + -3 + 5). Let u(z) = 11*z**2. Determine u(t).
11
Let y(s) = -s**3 + 5*s**2 - 6*s + 6. Let q(c) = c**3 + 4. Suppose -3*u - 16 = 5*p - 4, -8 = 2*u. Let j be q(p). Calculate y(j).
-2
Let j be (-1 - (12 - 6))*(-12)/(-14). Let i(u) be the first derivative of -u**3/3 - 4*u**2 - 6*u + 4. Calculate i(j).
6
Let y(s) be the first derivative of s**2/2 - 3. Calculate y(3).
3
Let g(a) be the third derivative of -a**4/12 - 5*a**3/3 - 6*a**2. Calculate g(-7).
4
Suppose k + 2*l = 9, -3*k + 0*k + l - 8 = 0. Let i = 1 - k. Let j(g) = 2*g**2 - 2*g + 1. Give j(i).
5
Let j(d) = -d - 5. Let y be (20/((-4)/2))/1. What is j(y)?
5
Let y(c) be the second derivative of c**5/20 - c**4/3 - 5*c**2/2 - c. Suppose -2*j + 3*f = 55 + 20, -2*f - 110 = 4*j. Let g be 2/(-7) + j/(-7). Determine y(g).
-5
Let h be ((-99)/6)/11*4. Let r(b) = 2*b + 6. Calculate r(h).
-6
Let g(v) be the third derivative of v**6/120 - v**5/10 + 7*v**4/24 - v**3/2 - 2*v**2. Give g(5).
7
Let y(i) = i**2 + i + 1. Let h = 11 - 5. Suppose 4*j = z, -2*j - h + 0 = z. Give y(j).
1
Let x(w) = -3*w**2 + w. Suppose -20*u + 4 = -24*u. Determine x(u).
-4
Let r be (-22)/(-5) + (-8)/20. Suppose -r*s + 6*s - 6 = 0. Let y(a) be the first derivative of -a**3/3 + 2*a**2 + 3. Give y(s).
3
Let w(r) = -2*r**2 - 20*r + 11. Let b(n) = -n**2 - 13*n + 7. Let g(z) = 8*b(z) - 5*w(z). Let s(q) be the first derivative of g(q). Determine s(3).
8
Let r be -2*-1*(-1)/(-2). Let h = r - -6. Let d(b) = b**3 - 8*b**2 + 7*b - 5. Give d(h).
-5
Let n = -16 - -12. Let f(d) = -d**2 - 5*d. Let y be f(n). Let g(u) = -u**3 + 5*u**2 - 4*u. Give g(y).
0
Let r(p) = -13*p + 1. Let x(t) = -t. Let k(b) = r(b) - 6*x(b). What is k(-1)?
8
Let j(b) be the first derivative of b**4/4 - 2*b**3/3 - b**2/2 - 2*b + 41. Give j(3).
4
Suppose -4*v = -10 + 6. Let t(k) be the second derivative of k**5/120 + k**4/24 + k**3/2 - k. Let o(b) be the second derivative of t(b). What is o(v)?
2
Let h(r) = -r - 1. Let s be -4 + 0 - 4/(-2). Let c be h(s). Let p(x) = 4*x**2 + x - 1. Determine p(c).
4
Let j(c) be the first derivative of -c**2/2 - 8*c + 7. What is j(-7)?
-1
Let j(s) be the first derivative of 6 - 8*s + 1/2*s**2. What is j(0)?
-8
Suppose -4*o - 38 = -14. Let j(x) = -x**3 - 6*x**2 + x + 4. What is j(o)?
-